s digit of ((-85 + 2)/(-1))/(114/56 + -2)?
4
Suppose 9*p - 41127 = 16581. What is the hundreds digit of p?
4
Let k(m) = -m**3 - 20*m**2 + 15*m - 31. Let z be k(-21). Let q = z + -89. Let t(b) = 2*b**2 - 2*b + 2. What is the tens digit of t(q)?
6
Suppose 30 = 5*z - 10*z. Let b = -7591 + 7573. What is the units digit of ((b/(-4))/(-3))/(z/892)?
3
Let s(x) = 2*x**2 - 2*x + 2. Let k be (-5)/20 + -5*2/(-8). Let u be s(k). Suppose -2*t + 414 = -4*n, -u*n - 609 = 2*t - 5*t. What is the units digit of t?
1
Suppose -3*r + 1135 = 5*d + 2*r, -4*r + 448 = 2*d. Suppose -84 = 2*n - d. What is the tens digit of n?
7
Suppose 0 = 2*o - v - 6, 0 = 3*o + 3*v + 2*v + 4. Suppose 0 = 5*k - o*k - 1407. What is the units digit of (k/(-21))/(1/(-3))?
7
Suppose o - 2*m = -25, -2*o - 5*m = -16 + 57. Let s(c) = c + 45. Let u be s(o). Suppose -u*d + 46 = -20*d. What is the tens digit of d?
2
Suppose 195 = 6*a - 717. Suppose 0 = 42*d - 40*d - a. Suppose 0 = 8*h - 6*h - d. What is the units digit of h?
8
Suppose -i - 2*v = i - 52, 0 = v - 2. What is the hundreds digit of (i/51)/(-4) - (-4983)/17?
2
Suppose 34*l = 26*l + 16. Suppose 0 = 2*k + f - 3875, -3*k - l*f = -6*k + 5816. What is the hundreds digit of k?
9
Let a(v) = -4*v**3 - 16*v**2 + 8*v - 44. What is the hundreds digit of a(-8)?
9
Suppose -62233 = -9*n + 30539. What is the hundreds digit of n?
3
Let n(x) = 81*x**2 - 15*x - 25. Suppose 14*g + 18 = 5*g. What is the tens digit of n(g)?
2
Suppose -528 = -10*i + 7*i. Suppose 2*b - 960 = i. What is the units digit of 1/((-4)/b*-2)?
1
Suppose 0 = 3*y - 0*y + 102. What is the units digit of 6/(36/102)*(1 - y)?
5
Let w = 2434 + -1199. Suppose 0 = -i + 12*f - 10*f + 405, -3*i + w = -f. What is the units digit of i?
3
Suppose 4*j + 16728 = 2*m + 2274, -5*m - j + 36201 = 0. What is the hundreds digit of m?
2
What is the tens digit of (10/(-15) - (-19228)/6) + (39 - 36)?
0
Let q(s) = s**3 + 9*s**2 + 14*s + 11. Suppose 5*f = 9*f - 76. Suppose j - 4 = -5*n + 6, 5*j + 2*n + f = 0. What is the units digit of q(j)?
1
Let z(y) = y**2 + 7*y + 9. Let x be z(-6). Suppose -2*l + 3581 = x*n, -6*n - l - 3587 = -9*n. What is the units digit of n?
5
Let h(t) = -2*t**3 + 62*t**2 + 6. Let g be h(31). Suppose 1288 = 3*b - g*v + v, 2*b - 837 = -v. What is the units digit of b?
1
Let n = 54 + -62. Let b(u) = u**3 + 8*u**2 - u - 5. Let a be b(n). Suppose -4*t - z + 50 = 0, -4*t - a*z + 44 = -5*z. What is the tens digit of t?
1
Let h = 34 + -42. Let z(b) = -34*b - 18. What is the units digit of z(h)?
4
Let j(a) = -64*a + 1. Suppose -24 = 15*g - 12*g. What is the tens digit of j(g)?
1
Suppose -2*p = 18 - 24. Suppose -5*w + p*g = -w - 945, -2 = -2*g. What is the hundreds digit of w?
2
Let c(v) be the third derivative of v**5/60 - 5*v**4/12 + v**3 + 7*v**2 + 13. Let u = 28 + -41. What is the tens digit of c(u)?
0
Let l(c) = -55*c**3 + 30*c**2 + 28*c + 53. What is the ten thousands digit of l(-8)?
2
Let i be 0/2 - (6 + 1). Let p(w) = -18*w**2 + 46*w + 49. Let u(k) = -4*k**2 + 11*k + 12. Let q(f) = -6*p(f) + 26*u(f). What is the units digit of q(i)?
4
Suppose 0 = z - 7*z + 108. Let g be (-2 - 1)/(z/(-12)). What is the tens digit of g/(-2) + 4 - -60?
6
Let v(o) be the second derivative of 253*o**4/2 - 11*o**3/6 + o**2 + 106*o. What is the units digit of v(1)?
9
What is the ten thousands digit of (24*8/16)/(10/25005)?
3
Suppose 2*s = 5*f + 20546, 117*s - 114*s - 30833 = 4*f. What is the thousands digit of s?
0
Suppose -18*c - 1344 = -15*c. What is the tens digit of (10/(-5))/(900/c - -2)?
2
Suppose 9*k - 662 + 257 = 0. What is the tens digit of (108/k)/(9/690)?
8
Let d = 83 + -107. What is the tens digit of (20 - d)/(2/28)?
1
Let a(o) = -4*o - 12. Let y(m) = -11*m - 36. Let d(v) = 17*a(v) - 6*y(v). Let h be d(6). Suppose h = -3*c + 230 + 88. What is the hundreds digit of c?
1
Let j(s) = 3*s**2 - 2*s - 23. Let n be j(-4). Suppose 24*b - n*b = -909. What is the tens digit of b?
0
Let i(p) be the first derivative of 0 + 32*p**2 + 10 - 36*p**2 + 22*p. What is the tens digit of i(-8)?
8
Suppose 2*t + 1204 = -2176. Let v = t - -3129. What is the tens digit of v?
3
Suppose 6 = -5*t + 4*z, -2*z = 2*t - 5*t - 2. Suppose -2*k - 145 = -r, -r = t*r + 5*k - 457. What is the units digit of r?
9
Let z(k) = -2*k**3 - 5*k**2 + 2*k - 39. Let b = 117 + -123. What is the tens digit of z(b)?
0
Let y be 4 - 1828/4 - 5. Let h = y - -908. What is the units digit of h?
0
Let w(t) = t**3 + 10*t**2 + 6*t - 15. Suppose -2*n - 18 = -0*n. Let q be w(n). What is the units digit of -3 + (-3)/(q/(-308))?
4
Let p(h) = 6*h**3 - 6*h - 8 - 5*h**2 - 6*h**2 - 7*h**3 - 5*h. Let j be p(-10). Suppose j*u = 8*s - 3*s - 695, -5 = u. What is the tens digit of s?
3
Let o(l) = 6*l - 85. Let a be o(20). Let s = a - -110. What is the units digit of s?
5
Let l = -538 + 542. Suppose -3*p = t + t - 1627, l*p = t - 808. What is the units digit of t?
2
What is the units digit of (1*41522)/2 + (-1880)/(-47) + -47?
4
Let b = -5025 + 8724. What is the hundreds digit of b?
6
Suppose 5*q = -q + 18. Let h(d) = -6*d - d**q + 6*d**2 + 3*d**2 - 120 + 124. What is the tens digit of h(8)?
2
Let a(k) = -k**3 + 6*k**2 + 5*k - 1. Suppose 0 = -3*f + 4*f - 7. Suppose -3*t - 8 = f, -4*o + t = -21. What is the tens digit of a(o)?
5
Let h(l) = -4*l + 102. Let m be h(23). Let n(v) = 107*v - 365. What is the tens digit of n(m)?
0
Suppose 340 = 2*r + 4*k, -4*r + 2*r + 3*k = -333. Let u = r + -87. Let y = 175 - u. What is the tens digit of y?
9
Let c(s) = s**2 - 19*s - 93. Let b be c(24). What is the units digit of (330/18)/(1/b)?
5
What is the tens digit of (2/8)/(217/(-124)) + 23634/14?
8
Let y = -3440 + 2083. Let k = y - -2375. What is the units digit of k?
8
Suppose -b = -6*b - 2*f + 229, 3*b - 132 = -3*f. Suppose b = -m + 149. What is the hundreds digit of m?
1
Suppose 90*v + 62902 = 2*n + 91*v, -3*v + 157256 = 5*n. What is the units digit of n?
0
Suppose 11*z - z + 100 = 0. Let m(v) = 6*v**2 + 18*v + 45. What is the units digit of m(z)?
5
Let j(k) = 3861*k + 687. What is the units digit of j(9)?
6
Let x = -459 - -435. What is the hundreds digit of (-15)/(-4) + (-6)/x + 297?
3
Suppose 105*f - 110*f + 33859 = 4774. What is the units digit of f?
7
Let r(g) = g**3 + 5*g**2 - 8*g - 10. Let d be r(-6). Suppose 0 = 7*m - d*m - 35. Let f = 12 - m. What is the units digit of f?
5
Let b = 3937 - 14001. What is the tens digit of b/(-20) + (-12)/60?
0
Suppose 3*k - x = -6, -2*k + 2*x + 6 = -2*x. Let o(d) = -2*d**2 + 2*d + 6. Let l be o(6). What is the tens digit of (-4)/l*k - (-3057)/27?
1
Let h(s) = 596*s + 165. What is the thousands digit of h(2)?
1
Suppose 0 = -49*m + 33*m + 56176. Suppose 0 = -5*r - 3*u + m, 6*r - 8*r = 4*u - 1410. What is the hundreds digit of r?
7
Let j(s) = 807*s**3 - 2*s**2 + 4*s - 2. Let t be j(1). Let y = t - 412. What is the hundreds digit of y?
3
Suppose -112036 = -21*i - 16318. What is the hundreds digit of i?
5
Suppose 3*x - 249 = -99. Let o = x + -48. What is the units digit of (-7)/14 + 39/o?
9
Let o(v) = 4601*v - 739. What is the units digit of o(5)?
6
Let m(w) = -220*w - 38. Let u(v) = -3. Let l(d) = m(d) + 3*u(d). What is the tens digit of l(-3)?
1
Suppose 5*z = -2*b + 7753, -84*b + 89*b - 4667 = -3*z. What is the units digit of z?
9
Let k(b) be the third derivative of b**7/2520 + 7*b**5/24 - 3*b**4/2 + 7*b**2. Let f(t) be the second derivative of k(t). What is the tens digit of f(-8)?
9
Suppose -234*n + 3824914 + 4312632 + 1299206 = 0. What is the tens digit of n?
2
Let q(t) be the third derivative of t**6/60 - t**4/8 + t**3/2 - t**2. Let c = -1340 - -1343. What is the units digit of q(c)?
8
Suppose 3*g + 4*r = 3937 + 12873, 3*r = 5*g - 28007. What is the thousands digit of g?
5
Let h = -62 - -73. Suppose 3*n = 2*k + 5, 0 = -5*n + 4*k - 2*k + h. Suppose f - a = 51, 2*f + n*a = -2*f + 197. What is the tens digit of f?
5
Let h be 2 + ((-22)/11 - (-4)/1). What is the tens digit of (-156)/(-117)*(-1 - (-1546)/h)?
1
Let m(p) be the second derivative of 7*p**4/12 - 4*p**3 - 11*p**2 + 261*p. What is the units digit of m(-10)?
8
What is the hundreds digit of (-8)/(3/(-3)) - -181045*4/20?
2
Suppose -15*n = -20*n + 15. What is the units digit of n/(25/(-40) + 1)?
8
Let i(r) be the third derivative of 44*r**5/15 - 5*r**4/12 - r**3 + 159*r**2. What is the h